{"id":45,"date":"2017-07-11T08:34:29","date_gmt":"2017-07-11T08:34:29","guid":{"rendered":"http:\/\/drgoncziagnes.hu\/?page_id=45"},"modified":"2025-04-11T19:00:23","modified_gmt":"2025-04-11T19:00:23","slug":"irodam","status":"publish","type":"page","link":"https:\/\/drgoncziagnes.hu\/?page_id=45","title":{"rendered":"Irod\u00e1m"},"content":{"rendered":"\n<p>Irod\u00e1m Miskolc belv\u00e1ros\u00e1ban, a Pl\u00e1za m\u00e1sik oldal\u00e1n a Szentp\u00e1li u. 13. sz\u00e1m alatti t\u00e1rsash\u00e1z bels\u0151 udvar\u00e1ban nyugodt, csendes helyen tal\u00e1lhat\u00f3,&nbsp; fel\u00faj\u00edtott \u00e9p\u00fclet f\u00f6ldszintj\u00e9n. Az \u00e9p\u00fclethez a kov\u00e1csoltvas kapun kereszt\u00fcl jutunk be, az udvaron v\u00e9gighaladva, annak bal oldali h\u00e1ts\u00f3 r\u00e9sz\u00e9n tal\u00e1lhat\u00f3 az iroda.<\/p>\n\n\n\n<p>A parkol\u00e1s a k\u00f6rny\u00e9ken \u2013a R\u00e9giposta utc\u00e1ban, vagy a Horv\u00e1th Lajos utc\u00e1ban k\u00f6nnyen megoldhat\u00f3. A Plaza parkol\u00f3h\u00e1za k\u00f6zvetlen\u00fcl szemben az utcafronti \u00e9p\u00fclettel szemben tal\u00e1lhat\u00f3. T\u00f6megk\u00f6zleked\u00e9ssel \u00e9s g\u00e9pkocsival is egyar\u00e1nt egyszer\u0171en megk\u00f6zel\u00edthet\u0151 az iroda.<\/p>\n\n\n\n<figure class=\"wp-block-image alignnone wp-image-224 size-medium\"><img loading=\"lazy\" decoding=\"async\" width=\"225\" height=\"300\" src=\"https:\/\/drgoncziagnes.hu\/wp-content\/uploads\/2020\/04\/Iroda-k\u00fcls\u0151-k\u00e9p-225x300.jpg\" alt=\"\" class=\"wp-image-224\" srcset=\"https:\/\/drgoncziagnes.hu\/wp-content\/uploads\/2020\/04\/Iroda-k\u00fcls\u0151-k\u00e9p-225x300.jpg 225w, https:\/\/drgoncziagnes.hu\/wp-content\/uploads\/2020\/04\/Iroda-k\u00fcls\u0151-k\u00e9p-768x1024.jpg 768w\" sizes=\"auto, (max-width: 225px) 100vw, 225px\" \/><figcaption class=\"wp-element-caption\">cof<\/figcaption><\/figure>\n\n\n\n<figure class=\"wp-block-image\"><img loading=\"lazy\" decoding=\"async\" width=\"225\" height=\"300\" src=\"https:\/\/drgoncziagnes.hu\/wp-content\/uploads\/2018\/08\/IMG_20171121_114718-225x300.jpg\" alt=\"\" class=\"wp-image-197\" srcset=\"https:\/\/drgoncziagnes.hu\/wp-content\/uploads\/2018\/08\/IMG_20171121_114718-225x300.jpg 225w, https:\/\/drgoncziagnes.hu\/wp-content\/uploads\/2018\/08\/IMG_20171121_114718-768x1024.jpg 768w\" sizes=\"auto, (max-width: 225px) 100vw, 225px\" \/><\/figure>\n\n\n\n<p><\/p>\n\n\n\n<p><span style=\"vertical-align: inherit;\"><span style=\"vertical-align: inherit;\">&nbsp;\n\t\t<div id=\"intergeo_mapzgTM\" class=\"intergeo_map_canvas\" style=\"width:100%;height:300px;width:100%;height:300px;\"><\/div>\n\t\t<script type=\"text\/javascript\">\n\t\t\t\/* <![CDATA[ *\/\n\t\t\tif (!window.intergeo_maps) window.intergeo_maps = [];\n\t\t\twindow.intergeo_maps.push( { container: 'intergeo_mapzgTM', options: {\"lng\":11.5770851} } );\n\t\t\tif (!window.intergeo_maps_current) window.intergeo_maps_current = null;\n\t\t\t\/* ]]> *\/\n\t\t<\/script>\n\t\t [\/ intergeo]<\/span><\/span><\/p>\n","protected":false},"excerpt":{"rendered":"<p>Irod\u00e1m Miskolc belv\u00e1ros\u00e1ban, a Pl\u00e1za m\u00e1sik oldal\u00e1n a Szentp\u00e1li u. 13. sz\u00e1m alatti t\u00e1rsash\u00e1z bels\u0151 udvar\u00e1ban nyugodt, csendes helyen tal\u00e1lhat\u00f3,&nbsp; fel\u00faj\u00edtott \u00e9p\u00fclet f\u00f6ldszintj\u00e9n. Az \u00e9p\u00fclethez a kov\u00e1csoltvas kapun kereszt\u00fcl jutunk be, az udvaron v\u00e9gighaladva, annak bal oldali h\u00e1ts\u00f3 r\u00e9sz\u00e9n tal\u00e1lhat\u00f3 az iroda. A parkol\u00e1s a k\u00f6rny\u00e9ken \u2013a R\u00e9giposta utc\u00e1ban, vagy a Horv\u00e1th Lajos utc\u00e1ban k\u00f6nnyen &hellip; <a href=\"https:\/\/drgoncziagnes.hu\/?page_id=45\" class=\"more-link\"><span class=\"screen-reader-text\">Irod\u00e1m<\/span> r\u00e9szletei&#8230;<\/a><\/p>\n","protected":false},"author":1,"featured_media":0,"parent":0,"menu_order":0,"comment_status":"closed","ping_status":"closed","template":"","meta":{"footnotes":""},"class_list":["post-45","page","type-page","status-publish","hentry"],"_links":{"self":[{"href":"https:\/\/drgoncziagnes.hu\/index.php?rest_route=\/wp\/v2\/pages\/45","targetHints":{"allow":["GET"]}}],"collection":[{"href":"https:\/\/drgoncziagnes.hu\/index.php?rest_route=\/wp\/v2\/pages"}],"about":[{"href":"https:\/\/drgoncziagnes.hu\/index.php?rest_route=\/wp\/v2\/types\/page"}],"author":[{"embeddable":true,"href":"https:\/\/drgoncziagnes.hu\/index.php?rest_route=\/wp\/v2\/users\/1"}],"replies":[{"embeddable":true,"href":"https:\/\/drgoncziagnes.hu\/index.php?rest_route=%2Fwp%2Fv2%2Fcomments&post=45"}],"version-history":[{"count":15,"href":"https:\/\/drgoncziagnes.hu\/index.php?rest_route=\/wp\/v2\/pages\/45\/revisions"}],"predecessor-version":[{"id":304,"href":"https:\/\/drgoncziagnes.hu\/index.php?rest_route=\/wp\/v2\/pages\/45\/revisions\/304"}],"wp:attachment":[{"href":"https:\/\/drgoncziagnes.hu\/index.php?rest_route=%2Fwp%2Fv2%2Fmedia&parent=45"}],"curies":[{"name":"wp","href":"https:\/\/api.w.org\/{rel}","templated":true}]}}