{"id":27,"date":"2017-07-10T18:29:40","date_gmt":"2017-07-10T18:29:40","guid":{"rendered":"http:\/\/drgoncziagnes.hu\/?page_id=27"},"modified":"2026-02-11T16:38:13","modified_gmt":"2026-02-11T16:38:13","slug":"rolam","status":"publish","type":"page","link":"https:\/\/drgoncziagnes.hu\/?page_id=27","title":{"rendered":"R\u00f3lam"},"content":{"rendered":"<p><img loading=\"lazy\" decoding=\"async\" class=\"aligncenter wp-image-290 size-large\" src=\"https:\/\/drgoncziagnes.hu\/wp-content\/uploads\/2025\/03\/4B7A8068-masolat-683x1024.jpg\" alt=\"\" width=\"660\" height=\"990\" srcset=\"https:\/\/drgoncziagnes.hu\/wp-content\/uploads\/2025\/03\/4B7A8068-masolat-683x1024.jpg 683w, https:\/\/drgoncziagnes.hu\/wp-content\/uploads\/2025\/03\/4B7A8068-masolat-200x300.jpg 200w, https:\/\/drgoncziagnes.hu\/wp-content\/uploads\/2025\/03\/4B7A8068-masolat-768x1152.jpg 768w, https:\/\/drgoncziagnes.hu\/wp-content\/uploads\/2025\/03\/4B7A8068-masolat.jpg 800w\" sizes=\"auto, (max-width: 660px) 100vw, 660px\" \/><\/p>\n<p>1992-ben v\u00e9geztem a Miskolci Egyetem \u00c1llam- \u00e9s Jogtudom\u00e1nyi kar\u00e1nak nappali tagozat\u00e1n.<\/p>\n<p>1995. \u00e9vben szakvizsg\u00e1ztam \u00e9s 1996. febru\u00e1r 01. \u00f3ta dolgozom egy\u00e9ni \u00fcgyv\u00e9dk\u00e9nt, a Borsod-Aba\u00faj-Zempl\u00e9n V\u00e1rmegyei \u00dcgyv\u00e9di kamara tagjak\u00e9nt.<\/p>\n<p>Kamarai azonos\u00edt\u00f3 (KASZ): 36057556<\/p>\n<p>Ad\u00f3sz\u00e1m: 49417366-1-25<\/p>\n<p>Banksz\u00e1mla: Raiffeisen Bank: 12046119-01697230-00100007<\/p>\n<p>\u00dcgyv\u00e9di let\u00e9ti sz\u00e1mla:\u00a0Raiffeisen Bank: 120461190-1697230-00200004<\/p>\n<h1 style=\"text-align: center;\">\u00a0<\/h1>\n<h3>\u00a0<\/h3>\n\n\n<h2 class=\"wp-block-heading has-medium-font-size\"><\/h2>\n","protected":false},"excerpt":{"rendered":"<p>1992-ben v\u00e9geztem a Miskolci Egyetem \u00c1llam- \u00e9s Jogtudom\u00e1nyi kar\u00e1nak nappali tagozat\u00e1n. 1995. \u00e9vben szakvizsg\u00e1ztam \u00e9s 1996. febru\u00e1r 01. \u00f3ta dolgozom egy\u00e9ni \u00fcgyv\u00e9dk\u00e9nt, a Borsod-Aba\u00faj-Zempl\u00e9n V\u00e1rmegyei \u00dcgyv\u00e9di kamara tagjak\u00e9nt. Kamarai azonos\u00edt\u00f3 (KASZ): 36057556 Ad\u00f3sz\u00e1m: 49417366-1-25 Banksz\u00e1mla: Raiffeisen Bank: 12046119-01697230-00100007 \u00dcgyv\u00e9di let\u00e9ti sz\u00e1mla:\u00a0Raiffeisen Bank: 120461190-1697230-00200004 \u00a0 \u00a0<\/p>\n","protected":false},"author":1,"featured_media":0,"parent":0,"menu_order":0,"comment_status":"closed","ping_status":"closed","template":"","meta":{"footnotes":""},"class_list":["post-27","page","type-page","status-publish","hentry"],"_links":{"self":[{"href":"https:\/\/drgoncziagnes.hu\/index.php?rest_route=\/wp\/v2\/pages\/27","targetHints":{"allow":["GET"]}}],"collection":[{"href":"https:\/\/drgoncziagnes.hu\/index.php?rest_route=\/wp\/v2\/pages"}],"about":[{"href":"https:\/\/drgoncziagnes.hu\/index.php?rest_route=\/wp\/v2\/types\/page"}],"author":[{"embeddable":true,"href":"https:\/\/drgoncziagnes.hu\/index.php?rest_route=\/wp\/v2\/users\/1"}],"replies":[{"embeddable":true,"href":"https:\/\/drgoncziagnes.hu\/index.php?rest_route=%2Fwp%2Fv2%2Fcomments&post=27"}],"version-history":[{"count":13,"href":"https:\/\/drgoncziagnes.hu\/index.php?rest_route=\/wp\/v2\/pages\/27\/revisions"}],"predecessor-version":[{"id":312,"href":"https:\/\/drgoncziagnes.hu\/index.php?rest_route=\/wp\/v2\/pages\/27\/revisions\/312"}],"wp:attachment":[{"href":"https:\/\/drgoncziagnes.hu\/index.php?rest_route=%2Fwp%2Fv2%2Fmedia&parent=27"}],"curies":[{"name":"wp","href":"https:\/\/api.w.org\/{rel}","templated":true}]}}