{"id":2,"date":"2017-07-06T21:43:14","date_gmt":"2017-07-06T21:43:14","guid":{"rendered":"http:\/\/drgoncziagnes.hu\/?page_id=2"},"modified":"2022-01-24T18:33:10","modified_gmt":"2022-01-24T18:33:10","slug":"ez-egy-minta-oldal","status":"publish","type":"page","link":"https:\/\/drgoncziagnes.hu\/?page_id=2","title":{"rendered":"Kezd\u0151lap \u00e9s szolg\u00e1ltat\u00e1sok"},"content":{"rendered":"<div id=\"pl-gb2-6a01a5d4cae8a\"  class=\"panel-layout\" ><div id=\"pg-gb2-6a01a5d4cae8a-0\"  class=\"panel-grid panel-no-style\" ><div id=\"pgc-gb2-6a01a5d4cae8a-0-0\"  class=\"panel-grid-cell\" ><\/div><\/div><\/div>\n\n\n<p class=\"has-yellow-background-color has-background\">Szolg\u00e1ltat\u00e1saink, szakter\u00fcletek:<\/p>\n\n\n\n<blockquote class=\"wp-block-quote is-layout-flow wp-block-quote-is-layout-flow\"><p>&#8211; Teljes k\u00f6r\u0171 c\u00e9galap\u00edt\u00e1s, elektronikus c\u00e9gelj\u00e1r\u00e1s, \u00e1talakul\u00e1s, v\u00e9gelsz\u00e1mol\u00e1s, k\u00e9pviselet felsz\u00e1mol\u00e1si elj\u00e1r\u00e1sban (hitelez\u0151i v\u00e1lasztm\u00e1ny stb.)<\/p><p><strong>&#8211; Peres k\u00e9pviselet a polg\u00e1ri jog valamennyi ter\u00fclet\u00e9n <\/strong><\/p><\/blockquote>\n\n\n\n<div class=\"wp-block-group\"><div class=\"wp-block-group__inner-container is-layout-flow wp-block-group-is-layout-flow\">\n<blockquote class=\"wp-block-quote is-layout-flow wp-block-quote-is-layout-flow\"><p>&#8211;<strong>h\u00e1zass\u00e1gi, h\u00e1zass\u00e1gi vagyonjogi \u00e9s\u00a0h\u00e1zast\u00e1rsi k\u00f6z\u00f6s vagyon megoszt\u00e1sa ir\u00e1nti perekben t\u00f6rt\u00e9n\u0151 k\u00e9pviselet, <\/strong><\/p><p>&#8211;<strong>sz\u00fcl\u0151i fel\u00fcgyeleti jog rendez\u00e9se<\/strong><\/p><p>&#8211;<strong>kapcsolattart\u00e1s v\u00e9grehajt\u00e1sa ir\u00e1nti \u00fcgyekben t\u00f6rt\u00e9n\u0151 k\u00e9pviselet ell\u00e1t\u00e1sa<\/strong><\/p><p>-v\u00e1llalkoz\u00e1s, tervez\u00e9s, kivitelez\u00e9s, fuvaroz\u00e1s, sz\u00e1ll\u00edtm\u00e1nyoz\u00e1s, b\u00e9rlet<\/p><\/blockquote>\n\n\n\n<blockquote class=\"wp-block-quote is-layout-flow wp-block-quote-is-layout-flow\"><p><strong>&#8211; ad\u00e1sv\u00e9teli \u00e9s egy\u00e9b szerz\u0151d\u00e9sek k\u00e9sz\u00edt\u00e9se, teljes k\u00f6r\u0171 ingatlannal kapcsolatos \u00fcgyint\u00e9z\u00e9s<\/strong><\/p><p><strong>&#8211; gazdas\u00e1gi t\u00e1rsas\u00e1gok, sz\u00f6vetkezetek (lak\u00e1ssz\u00f6vetkezet) \u00e1ltal\u00e1nos jelleg\u0171 k\u00e9pviselete<\/strong><\/p><p><strong>&#8211; alap\u00edtv\u00e1nyok egyes\u00fcletek alap\u00edt\u00e1sa, jogi k\u00e9pviselete<br>&#8211; b\u00fcntet\u0151jog valamennyi ter\u00fclet\u00e9n t\u00f6rt\u00e9n\u0151 k\u00e9pviselet<\/strong><\/p><\/blockquote>\n<\/div><\/div>\n\n\n\n<blockquote class=\"wp-block-quote is-layout-flow wp-block-quote-is-layout-flow\"><p>&#8211;<strong>elektronikus fizet\u00e9si meghagy\u00e1sos elj\u00e1r\u00e1sok ind\u00edt\u00e1sa<\/strong><\/p><\/blockquote>\n\n\n\n<figure class=\"wp-block-image size-large\"><img loading=\"lazy\" decoding=\"async\" width=\"1024\" height=\"768\" src=\"https:\/\/drgoncziagnes.hu\/wp-content\/uploads\/2022\/01\/clause-67401_1280-1-1024x768.jpg\" alt=\"\" class=\"wp-image-246\" srcset=\"https:\/\/drgoncziagnes.hu\/wp-content\/uploads\/2022\/01\/clause-67401_1280-1-1024x768.jpg 1024w, https:\/\/drgoncziagnes.hu\/wp-content\/uploads\/2022\/01\/clause-67401_1280-1-300x225.jpg 300w, https:\/\/drgoncziagnes.hu\/wp-content\/uploads\/2022\/01\/clause-67401_1280-1-768x576.jpg 768w, https:\/\/drgoncziagnes.hu\/wp-content\/uploads\/2022\/01\/clause-67401_1280-1-80x60.jpg 80w, https:\/\/drgoncziagnes.hu\/wp-content\/uploads\/2022\/01\/clause-67401_1280-1.jpg 1280w\" sizes=\"auto, (max-width: 1024px) 100vw, 1024px\" \/><\/figure>\n","protected":false},"excerpt":{"rendered":"<p>Szolg\u00e1ltat\u00e1saink, szakter\u00fcletek: &#8211; Teljes k\u00f6r\u0171 c\u00e9galap\u00edt\u00e1s, elektronikus c\u00e9gelj\u00e1r\u00e1s, \u00e1talakul\u00e1s, v\u00e9gelsz\u00e1mol\u00e1s, k\u00e9pviselet felsz\u00e1mol\u00e1si elj\u00e1r\u00e1sban (hitelez\u0151i v\u00e1lasztm\u00e1ny stb.) &#8211; Peres k\u00e9pviselet a polg\u00e1ri jog valamennyi ter\u00fclet\u00e9n &#8211;h\u00e1zass\u00e1gi, h\u00e1zass\u00e1gi vagyonjogi \u00e9s\u00a0h\u00e1zast\u00e1rsi k\u00f6z\u00f6s vagyon megoszt\u00e1sa ir\u00e1nti perekben t\u00f6rt\u00e9n\u0151 k\u00e9pviselet, &#8211;sz\u00fcl\u0151i fel\u00fcgyeleti jog rendez\u00e9se &#8211;kapcsolattart\u00e1s v\u00e9grehajt\u00e1sa ir\u00e1nti \u00fcgyekben t\u00f6rt\u00e9n\u0151 k\u00e9pviselet ell\u00e1t\u00e1sa -v\u00e1llalkoz\u00e1s, tervez\u00e9s, kivitelez\u00e9s, fuvaroz\u00e1s, sz\u00e1ll\u00edtm\u00e1nyoz\u00e1s, b\u00e9rlet &#8211; ad\u00e1sv\u00e9teli \u00e9s &hellip; <a href=\"https:\/\/drgoncziagnes.hu\/?page_id=2\" class=\"more-link\"><span class=\"screen-reader-text\">Kezd\u0151lap \u00e9s szolg\u00e1ltat\u00e1sok<\/span> r\u00e9szletei&#8230;<\/a><\/p>\n","protected":false},"author":1,"featured_media":0,"parent":0,"menu_order":0,"comment_status":"closed","ping_status":"open","template":"","meta":{"footnotes":""},"class_list":["post-2","page","type-page","status-publish","hentry"],"_links":{"self":[{"href":"https:\/\/drgoncziagnes.hu\/index.php?rest_route=\/wp\/v2\/pages\/2","targetHints":{"allow":["GET"]}}],"collection":[{"href":"https:\/\/drgoncziagnes.hu\/index.php?rest_route=\/wp\/v2\/pages"}],"about":[{"href":"https:\/\/drgoncziagnes.hu\/index.php?rest_route=\/wp\/v2\/types\/page"}],"author":[{"embeddable":true,"href":"https:\/\/drgoncziagnes.hu\/index.php?rest_route=\/wp\/v2\/users\/1"}],"replies":[{"embeddable":true,"href":"https:\/\/drgoncziagnes.hu\/index.php?rest_route=%2Fwp%2Fv2%2Fcomments&post=2"}],"version-history":[{"count":11,"href":"https:\/\/drgoncziagnes.hu\/index.php?rest_route=\/wp\/v2\/pages\/2\/revisions"}],"predecessor-version":[{"id":278,"href":"https:\/\/drgoncziagnes.hu\/index.php?rest_route=\/wp\/v2\/pages\/2\/revisions\/278"}],"wp:attachment":[{"href":"https:\/\/drgoncziagnes.hu\/index.php?rest_route=%2Fwp%2Fv2%2Fmedia&parent=2"}],"curies":[{"name":"wp","href":"https:\/\/api.w.org\/{rel}","templated":true}]}}